ide 87715393?
False
Is 119602187 a multiple of 1051?
False
Is 5301569 a multiple of 6?
False
Is 35725389 a multiple of 2895?
False
Is 16 a factor of 215782255?
False
Is 5417113153 a multiple of 18?
False
Is 367 a factor of 18657344?
False
Is 636493603 a multiple of 58?
False
Does 6 divide 9683975?
False
Does 55 divide 97124804?
False
Is 31014631 a multiple of 17?
False
Is 154166447 a multiple of 33?
False
Is 5361 a factor of 909976140?
True
Is 61895610 a multiple of 315?
True
Is 155 a factor of 159876251?
False
Does 23 divide 205041366?
True
Does 12 divide 639034404?
True
Is 10188 a factor of 1136644596?
True
Is 33948908 a multiple of 406?
True
Is 639220419 a multiple of 35?
False
Is 661 a factor of 1971826456?
True
Does 635 divide 308194710?
True
Is 23302800 a multiple of 120?
True
Is 50 a factor of 12706407?
False
Does 18 divide 2146215774?
False
Is 150890597 a multiple of 11?
True
Does 13 divide 19744231?
True
Is 4492 a factor of 22965479?
False
Does 33 divide 22570362?
False
Is 3476650084 a multiple of 321?
False
Does 342 divide 408596976?
True
Does 104 divide 69474080?
True
Does 45 divide 187358760?
True
Does 246 divide 402591033?
False
Does 43 divide 19334004?
True
Is 168730597 a multiple of 192?
False
Is 140017650 a multiple of 150?
True
Does 686 divide 830815286?
True
Is 474 a factor of 20093905?
False
Is 1220045939 a multiple of 3?
False
Is 168 a factor of 748821024?
True
Is 57986841 a multiple of 859?
False
Is 2762428 a multiple of 54?
False
Does 42 divide 57380778?
True
Does 5663 divide 201727386?
True
Does 150 divide 17532450?
True
Does 89 divide 1657229840?
True
Is 2952472869 a multiple of 9?
True
Does 222 divide 5522250?
True
Is 21842238 a multiple of 198?
False
Does 21 divide 12545484?
True
Is 58178040 a multiple of 1576?
True
Is 11 a factor of 49606544?
False
Is 710 a factor of 221018740?
True
Is 525 a factor of 298655525?
False
Is 15835564 a multiple of 218?
False
Does 115 divide 201955239?
False
Is 418 a factor of 45884278?
True
Does 13 divide 2683292339?
True
Is 2907798 a multiple of 19?
True
Does 2432 divide 50325376?
True
Is 9335304 a multiple of 72?
True
Is 459496 a multiple of 19?
True
Does 13 divide 31486842?
False
Does 2058 divide 2628548168?
False
Does 545 divide 388462375?
True
Is 247710400 a multiple of 880?
False
Is 657049809 a multiple of 69?
True
Does 36 divide 435120738?
False
Is 31564260 a multiple of 39?
True
Does 261 divide 17432064?
False
Is 18 a factor of 77449791?
False
Does 3 divide 4410881?
False
Is 34 a factor of 2502298?
True
Is 47 a factor of 2508733?
False
Is 1499 a factor of 189316930?
False
Is 53 a factor of 39600753?
False
Is 391 a factor of 32870026?
False
Is 6 a factor of 694174314?
True
Does 28 divide 968286900?
True
Is 120 a factor of 6374809621?
False
Does 6 divide 244329240?
True
Is 3811441632 a multiple of 1614?
True
Is 166990413 a multiple of 187?
False
Does 123 divide 721786139?
False
Does 5693 divide 110136778?
True
Is 21 a factor of 67143258?
True
Is 309 a factor of 1623825900?
True
Is 777 a factor of 3810903577?
False
Is 466636 a multiple of 20?
False
Is 4603 a factor of 332939593?
True
Is 6762777 a multiple of 7?
True
Is 2076210 a multiple of 59?
True
Is 1793425176 a multiple of 1124?
True
Does 332 divide 4933365?
False
Does 151 divide 153634216?
False
Is 90 a factor of 154168036?
False
Is 2931898246 a multiple of 709?
False
Does 14 divide 233164566?
False
Does 34 divide 40132138?
True
Is 249439281 a multiple of 21?
True
Is 965793907 a multiple of 749?
False
Is 16228338 a multiple of 42?
True
Does 3 divide 426270525?
True
Is 37 a factor of 287137649?
True
Does 712 divide 345374112?
True
Does 60 divide 10276140?
True
Does 167 divide 1072708099?
False
Is 305 a factor of 317053916?
False
Is 12 a factor of 11249508?
True
Does 125 divide 424919000?
True
Does 22 divide 82812686?
True
Does 230 divide 23519741?
False
Does 3687 divide 556648512?
True
Does 139 divide 15242323?
True
Is 24108595 a multiple of 1351?
True
Does 93 divide 1700505?
True
Does 15 divide 122437474?
False
Is 1403512632 a multiple of 8?
True
Is 9 a factor of 17902728?
True
Is 13 a factor of 67286817?
True
Is 23 a factor of 25511692?
True
Is 641226564 a multiple of 2357?
True
Does 2930 divide 163211427?
False
Is 162571434 a multiple of 2927?
True
Does 56 divide 140738217?
False
Is 949637425 a multiple of 275?
True
Is 967 a factor of 1684051774?
True
Is 16615018 a multiple of 98?
True
Does 14 divide 192864269?
False
Is 3095 a factor of 107108665?
True
Is 6704483 a multiple of 4?
False
Does 11 divide 290455434?
False
Is 613890246 a multiple of 771?
True
Is 41 a factor of 144682730?
False
Is 872 a factor of 485606?
False
Does 58 divide 24371078?
True
Is 3669679148 a multiple of 793?
False
Is 4 a factor of 136432538?
False
Is 41 a factor of 116345487?
False
Is 17 a factor of 1824610812?
False
Is 578114516 a multiple of 774?
False
Does 377 divide 36986775?
False
Is 129436398 a multiple of 273?
True
Does 21 divide 833393874?
False
Is 9 a factor of 32686474?
False
Is 7176 a factor of 1486426192?
False
Does 1338 divide 120808931?
False
Does 5 divide 4752802?
False
Does 845 divide 11385618?
False
Is 36207080 a multiple of 686?
True
Does 885 divide 20974500?
True
Is 11216604 a multiple of 21?
True
Is 2068 a factor of 62174881?
False
Is 17 a factor of 161785413?
True
Is 520385826 a multiple of 11?
False
Is 214 a factor of 47015158?
True
Does 6 divide 2405932?
False
Does 12 divide 1191145?
False
Does 281 divide 457401473?
False
Is 64550650 a multiple of 1150?
True
Is 8 a factor of 8185037?
False
Is 346429890 a multiple of 18?
True
Is 3240436824 a multiple of 1597?
False
Does 258 divide 329215397?
False
Does 99 divide 328744243?
False
Does 24 divide 2867167?
False
Is 23029392 a multiple of 1776?
True
Is 16932864 a multiple of 53?
True
Does 101 divide 270260648?
True
Is 885 a factor of 1049668019?
False
Is 46195476 a multiple of 166?
True
Does 15 divide 4214241615?
True
Does 9 divide 100969992?
True
Is 32 a factor of 664331?
False
Does 16 divide 5143689720?
False
Is 4583217 a multiple of 7?
False
Is 5193159040 a multiple of 128?
True
Is 2472 a factor of 1673432760?
True
Is 652486624 a multiple of 122?
False
Is 5233353 a multiple of 109?
False
Does 9465 divide 553894189?
False
Is 2645901905 a multiple of 10393?
True
Does 13 divide 770930772?
False
Is 653692298 a multiple of 14?
True
Is 184426086 a multiple of 84?
False
Is 200 a factor of 70431982?
False
Does 1401 divide 199940913?
True
Does 14 divide 47162808?
True
Is 283310368 a multiple of 88?
True
Is 31641528 a multiple of 8?
True
Does 2 divide 1400748?
True
Is 598240102 a multiple of 4651?
False
Is 16 a factor of 83437183?
False
Is 28173487 a multiple of 12?
False
Does 191 divide 5946596?
False
Does 10 divide 150852770?
True
Is 67 a factor of 86733242?
True
Is 12 a factor of 58066351?
False
Does 20 divide 2809500?
True
Is 60115746 even?
True
Does 111 divide 2489912169?
False
Is 3 a factor of 151807068?
True
Is 2103 a factor of 55162081?
False
Is 659536896 a multiple of 1024?
True
Does 1720 divide 704296867?
False
Is 8 a factor of 66967528?
True
Does 20 divide 201140?
True
Does 1325 divide 23121250?
True
Is 85 a factor of 1042071525?
True
Does 158 divide 744867623?
False
Does 34 divide 343344146?
False
Is 1121 a factor of 82371221?
False
Is 45734614 a multiple of 18?
False
Does 222 divide 210363151?
False
Is 1100 a factor of 35422106?
False
Is 884 a factor of 11645456?
False
Is 33378366 a multiple of 1371?
True
Is 21 a factor of 3859647?
False
Is 355235592 a multiple of 24?
True
Is 14 a factor of 275295266?
False
Does 1783 divide 30645802?
False
Is 188964913 a multiple of 21?
False
Is 106 a factor of 23344592?
True
Is 11 a factor of 20567050?
False
Is 157 a factor of 690061335?
False
Is 254 a factor of 281168348?
True
Is 57 a factor of 188306568?
True
Is 197565564 a multiple of 3569?
True
Does 9 divide 32015916?
True
Is 17 a factor of 6305385?
True
Is 334799433 a multiple of 16?
False
Is 427107308 a multiple of 298?
True
Does 170 divide 984515900?
True
Is 3574 a factor of 4097991923?
False
Is 3663157102 a multiple of 142?
True
Does 18 divide 56948225?
False
Is 29797805 a multiple of 271?
True
Is 400878069 a multiple of 20?
False
Is 2 a factor of 5682876?
True
Is 134 a factor of 85